ens digit of t(d)?
1
Suppose -2*i + 3*y = -3, -4*i + 5*y + 220 = 213. What is the units digit of i?
3
Suppose -4*y + 3727 = -3*y. Suppose -3*n - 3*d + 4*d + 2236 = 0, -5*n + y = -2*d. What is the hundreds digit of n?
7
Let b(i) = -13*i + 13. Let p(l) = 26*l - 23. Let d(g) = 11*b(g) + 6*p(g). Suppose -2*v - 28 = -4*m + 2*v, -v - 2 = 0. What is the tens digit of d(m)?
7
Let g = -27820 - -53676. What is the tens digit of g?
5
Let d(q) = q**2 + 13*q + 31. Suppose 8*l + 25 = 3*l, 4*v = -l - 93. What is the tens digit of d(v)?
2
What is the units digit of (2 + -1)/(((-9)/99438)/((-27)/18))?
3
Let s be 1 + -99 - (-3*4)/4. Let n = s + 128. Suppose v - f = -2*f + n, 0 = 5*v + 2*f - 168. What is the tens digit of v?
3
Suppose -4*v + 1850 = -2*v + 5*l, v - 923 = -2*l. Let k = v + -591. What is the hundreds digit of k?
3
Let w = 962 - 924. Suppose 4*y + 3854 = 3*x, -w*x + y = -39*x + 1294. What is the hundreds digit of x?
2
Suppose 3*p + 7*p = -80. What is the tens digit of 4 - (-7 + (-879 - p))?
8
Suppose 7*m - 2*m = 10. Let i(c) = 30*c**2 - c + 2. Let v be i(m). Let l = v - 44. What is the units digit of l?
6
Let i = 231 + -212. What is the units digit of i*-57*-4*(-14)/(-56)?
3
Let h = -8676 - 7776. What is the units digit of (-6)/4 + h/(-24) + -5?
9
Let k(i) = -260*i**3 + 5*i**2 + 38*i + 104. What is the units digit of k(-3)?
5
Let s = 5557 + 2465. What is the tens digit of s?
2
Let p = 3406 + -260. What is the units digit of p?
6
Let d(n) be the third derivative of -29*n**4/12 - 61*n**3/3 - 176*n**2. What is the tens digit of d(-14)?
9
Let r be (9/6 + -1)*374. Let o = 308 - r. What is the units digit of o?
1
Suppose 3809 + 904291 = -60*l + 160*l. What is the units digit of l?
1
Let a = 111 - -270. Let c = a + -788. Let n = -205 - c. What is the units digit of n?
2
Let w(n) = 4*n**3 + 15*n**2 + 66*n + 7. Let y be w(-12). What is the hundreds digit of (12/(-7))/(-2 + (-11060)/y)?
6
Suppose -243*u = -95*u - 3024676. What is the units digit of u?
7
Suppose 220431 = 10*b - 3*t, 32*b - 30*b - 44096 = 2*t. What is the ten thousands digit of b?
2
Let y(o) = -6*o - 11. Let v(a) = -7*a - 11. Let f(s) = 5*v(s) - 6*y(s). Let h be f(-5). Suppose d = h*d - 240. What is the tens digit of d?
4
Suppose -c + v + 5013 = 0, 94*c - 90*c - 5*v - 20048 = 0. What is the tens digit of c?
1
What is the tens digit of (-2 + 4)*3/6*(18886 + -405)?
8
Suppose -10*m - 642 = -16*m. Let o = 152 - m. What is the tens digit of o?
4
Let j = 20619 + -13694. What is the thousands digit of j?
6
Let p(b) = b + 26. Let k = -17 - -8. Let o be (-14 - -1)/((-9)/k). What is the units digit of p(o)?
3
Let t = -839 + 1675. Let o be (-18)/12*20/(-6). Suppose -o*q + t = -v, q + 0*v = 5*v + 148. What is the tens digit of q?
6
Let x(k) = 14*k**2 - 385*k + 38. What is the units digit of x(41)?
7
Suppose -5*q + 5*g + 53400 = 0, 9*q - 42726 = 5*q + 5*g. What is the ten thousands digit of q?
1
Let f be 2 + 2/4*(-6 + 6). Let r be (f/6)/((-19)/(-969)). Suppose r*z = 2601 - 1071. What is the tens digit of z?
9
Let b(t) be the third derivative of 1/3*t**4 + 0*t + 0 - 2*t**2 + 13/3*t**3 + 1/60*t**5. What is the tens digit of b(-7)?
1
Let z = 276 - 276. Suppose z = 3*f - 230 - 358. What is the hundreds digit of f?
1
Let t(a) = -62*a + 6. Let n be t(2). Let j = 48 + n. Let f = j + 149. What is the units digit of f?
9
Let l(c) = 6*c + 5. Let q be l(13). Suppose -q = -7*g - 27. Suppose -j + 11 = -g. What is the tens digit of j?
1
Let q = 179 - 253. Let f = q + 195. Let g = f + -81. What is the units digit of g?
0
Let f(h) = h + 35. Let m(i) = -i**3 - i**2 + 3*i + 5. Let w be m(-2). Let x be -3 + (5*-3)/w. What is the units digit of f(x)?
7
Let d(p) be the third derivative of -5*p**6/24 - p**5/20 - 5*p**4/12 - 17*p**3/6 + 58*p**2. What is the tens digit of d(-2)?
9
Let r = 158 - 152. Suppose 7*s = -r*s + 14404. What is the hundreds digit of s?
1
Let v be (-4)/(5 + -3) + -94. Suppose -3*r - 146 = 2*w, 0*w - w = 3*r + 148. Let z = r - v. What is the units digit of z?
6
Let t be 1/((10 + -9)*2/398). Suppose 202*m - 663 = t*m. What is the tens digit of m?
2
Let v be (-3)/(-2)*9192/36. Suppose -478 = -2*a - u, -3*a + v = -4*u - 356. What is the units digit of a?
1
Suppose -f - 4*z + 29 = 0, 5*f - 3*z - 45 = 2*z. Suppose -10*b - 705 = -f*b. Suppose -b = -3*o + 209. What is the tens digit of o?
4
Let z = 455 - 428. Suppose w - 3*l = 2*w - 51, w + 5*l - 43 = 0. Let v = w - z. What is the tens digit of v?
3
Let t(z) be the third derivative of -z**6/120 + z**5/30 - z**4/6 - 17*z**3/6 - 47*z**2. What is the tens digit of t(-3)?
4
Let q = 66 - 74. Let p(r) = -r**3 - 9*r**2 - 15*r + 20. What is the tens digit of p(q)?
7
Suppose 0 = -s - 5*n - 12, -s = 3*n - 2*n + 12. What is the units digit of ((-75)/9)/((-20)/s - 2)?
5
Suppose 0 = -22*s + 157*s + 19*s - 5177326. What is the ten thousands digit of s?
3
Suppose -724*z = -722*z - 10, 296375 = 5*j - 4*z. What is the units digit of j?
9
Let y(b) = 2353*b**3 + 6*b - 8. What is the units digit of y(1)?
1
Suppose 72 = -6*r + 6. Let f = r + 17. Suppose 441 = -3*x + f*x - 4*j, -157 = -x - 2*j. What is the units digit of x?
1
Suppose 5*d + 12 = -c, -3*c = -d - 0*d - 12. Let t be d + (-100)/(-36) + 141/27. Suppose a - 3*w = 84, 2*a - 89 = t*w + 79. What is the tens digit of a?
8
Suppose 0 = 5*c - 4*q - 9262, 2*c - 3694 = 30*q - 32*q. What is the units digit of c?
0
Let w(u) = 480*u**2 + 545*u - 6761. What is the tens digit of w(12)?
9
Let c = 317 + -37. Let v = c + -175. What is the hundreds digit of v?
1
What is the thousands digit of 14/(1274/1169455) - (-12)/(-78)?
2
Suppose -47 + 38 = -9*g. Let l(t) = 313*t**2 + t. What is the units digit of l(g)?
4
Suppose i + 4*i = 10. Let l be (-8)/(-6)*42/28. Suppose i*h - 70 = -l*o, -14 - 21 = -h + o. What is the tens digit of h?
3
Suppose 26 = 4*w + 26. Suppose j - 5*o - 109 = 0, -2*j + 254 = -w*o + 2*o. Let b = j - -36. What is the tens digit of b?
6
Suppose -16*x + 22*x = 12. What is the units digit of (198/(-21))/(x/(-28))?
2
Let d be (-4)/(7*(-16)/(-56)). What is the tens digit of (-18128)/8*(3 - 2)/d?
3
Suppose 0 = 2*l + 4*a - 39884, -2*a - 92248 = -4*l - 12400. What is the thousands digit of l?
9
Suppose 5*o - 9 = 3*z, -o = -3*z + 4*z + 3. Suppose 3*b + 195 + 177 = o. Let h = -52 - b. What is the tens digit of h?
7
Let m(i) = i**2 + 2*i - 60. Let s be m(-8). What is the units digit of (4 + 322)/(s/(-18))?
9
Let w(d) = -6 - d**2 + 2*d + 2*d + 10*d. Suppose 5*v - 2*v + 36 = 4*o, 0 = -4*o + 5*v + 36. What is the tens digit of w(o)?
3
Let r(m) = 256*m + 619. What is the tens digit of r(18)?
2
Let d = -22115 - -27475. What is the tens digit of d?
6
Suppose 2*x - a - 29229 + 2693 = 0, 39804 = 3*x - 4*a. What is the tens digit of x?
6
Suppose 6*h - h = v - 745, -4*h = v - 772. Let l = -415 + v. What is the units digit of l?
5
Let a = -103 + 92. Let s be (a/((-22)/(-32)))/(-2 + 0). Suppose 0 = -4*k - 0*k + s, -502 = -4*b - 3*k. What is the hundreds digit of b?
1
Let r(g) = g**2 - g + 1. Let z(k) = 6*k**2 - 5*k + 4. Let x(s) = -11*r(s) + 2*z(s). Let m be x(2). Suppose 5*f - 316 = m*f. What is the tens digit of f?
5
Suppose 71*h - 66*h = -9510. What is the hundreds digit of ((3 - 4) + 4)*h/(-18)?
3
Let q(h) = 412*h + 1677. What is the thousands digit of q(4)?
3
What is the units digit of ((-5520)/644)/(4/(-6034))?
0
Suppose 419202 = 96*q - 1221388 + 103438. What is the tens digit of q?
1
Let j = 89338 + -13810. What is the thousands digit of j?
5
Let d(n) = -16*n - 19 + 21 + 5*n. Let u be d(-4). Let l = 56 - u. What is the tens digit of l?
1
Let t(s) = s**3 - 31*s**2 + 31*s - 30. Let k be t(30). Suppose i = -2*x + 296, -7*x + 2*x - 5*i + 745 = k. What is the tens digit of x?
4
Suppose 0 = -20*d + 150939 + 1609941. What is the tens digit of d?
4
Let s(m) = 65*m**3 + m**2. Let t be s(-1). Let q be ((-9)/3)/(1/(-37)). Let l = q + t. What is the units digit of l?
7
Suppose 0 = 3*y + 235 - 61. Let a = y - -57. Let f(t) = 62*t**2 - t. What is the units digit of f(a)?
3
Suppose -129 + 7 = -2*s. Let r = s + -56. Let g(c) = 3*c**2 + 3*c - 19. What is the tens digit of g(r)?
7
Suppose 11*g - 7*g = 12. Suppose 459 = g*u + 3*b, 2*b + 2*b = 0. Suppose 2*q = -31 + u. What is the tens digit of q?
6
Let x be 141251/55 + (-8)/(-10). Suppose 0 = -4*s + 3*a + 204